 highest common factor of 1435 and 47323605.
35
What is the highest common factor of 2758130 and 1780?
10
Calculate the highest common factor of 84505732 and 17304.
412
What is the greatest common factor of 98678805 and 3?
3
What is the greatest common factor of 294848 and 341632?
1088
What is the greatest common factor of 276 and 49009182?
138
Calculate the highest common factor of 56658 and 284568.
426
Calculate the greatest common divisor of 3776 and 151394.
118
Calculate the greatest common factor of 36467584 and 64.
64
What is the greatest common divisor of 861 and 495033?
21
Calculate the highest common divisor of 2754 and 924811101.
1377
Calculate the highest common factor of 41535714 and 44.
22
Calculate the greatest common divisor of 32266 and 25228.
34
What is the greatest common factor of 30 and 38592948?
6
Calculate the greatest common factor of 1093 and 39169841.
1093
Calculate the greatest common factor of 169875930 and 14490.
4830
Calculate the greatest common factor of 18685 and 664075.
505
Calculate the greatest common factor of 4829129 and 74.
37
What is the greatest common factor of 4420 and 1540030?
170
Calculate the greatest common factor of 13144 and 1245208.
248
What is the highest common factor of 484631850 and 3450?
3450
Calculate the greatest common factor of 231 and 9424151.
11
Calculate the greatest common factor of 14202 and 51516.
54
What is the highest common factor of 5031273 and 117?
39
Calculate the greatest common factor of 14977 and 2823605.
881
Calculate the greatest common factor of 1416 and 6439791.
177
Calculate the greatest common factor of 637 and 6645548.
91
What is the greatest common factor of 16946 and 16125722?
458
Calculate the greatest common factor of 554 and 8614.
2
What is the highest common divisor of 94 and 94309?
1
What is the highest common factor of 11088822 and 11802?
1686
Calculate the highest common divisor of 418125 and 194375.
625
Calculate the greatest common divisor of 3250361 and 13077.
1453
Calculate the greatest common factor of 910203 and 20559.
1869
Calculate the greatest common divisor of 261 and 9710795.
29
What is the greatest common factor of 1255 and 3849085?
1255
Calculate the greatest common divisor of 343 and 57927359.
49
What is the highest common divisor of 4 and 3191709?
1
What is the highest common divisor of 15133950 and 4095?
585
Calculate the highest common factor of 11750204 and 7316.
236
What is the greatest common divisor of 11880 and 324918?
594
Calculate the highest common factor of 434 and 133950566.
62
Calculate the highest common factor of 464 and 2299352.
232
What is the highest common factor of 884005 and 575?
115
Calculate the highest common factor of 1833824 and 1088.
544
What is the highest common divisor of 403671 and 305709?
1689
What is the highest common factor of 438410220 and 120?
60
What is the highest common divisor of 117843 and 328053?
33
Calculate the greatest common divisor of 186 and 38528934.
6
What is the highest common divisor of 395316 and 24964?
316
What is the highest common factor of 966832 and 432?
16
What is the greatest common divisor of 845 and 4325191?
13
Calculate the greatest common divisor of 41679279 and 1258.
37
What is the highest common divisor of 1977283432 and 1384?
1384
What is the highest common divisor of 2944 and 5259824?
368
Calculate the highest common divisor of 175 and 560404495.
35
What is the greatest common factor of 3109 and 26249287?
3109
Calculate the greatest common divisor of 5191 and 1385417.
29
Calculate the highest common divisor of 1760 and 1418720.
160
What is the greatest common divisor of 6138 and 299057?
341
What is the highest common divisor of 33933492 and 3448?
1724
Calculate the highest common factor of 76403131 and 14.
7
What is the greatest common divisor of 484 and 10425932?
44
Calculate the greatest common divisor of 488048080 and 652.
652
Calculate the greatest common factor of 9102632 and 15400.
616
Calculate the highest common factor of 2886 and 3917472.
78
Calculate the greatest common divisor of 37629 and 660330416.
4181
Calculate the highest common factor of 69718426 and 212.
106
What is the greatest common divisor of 1852713731 and 3971?
3971
What is the greatest common factor of 12285 and 24506685?
945
Calculate the highest common divisor of 42146432 and 96.
32
Calculate the greatest common divisor of 654690 and 540.
30
What is the highest common divisor of 717 and 1990870?
239
What is the highest common factor of 30070414 and 66?
22
What is the highest common factor of 264 and 2326808?
88
Calculate the highest common divisor of 406 and 364532.
14
What is the greatest common factor of 1961 and 2990562?
37
What is the greatest common factor of 44162 and 10594526?
622
Calculate the highest common factor of 2162329 and 14664.
611
Calculate the greatest common factor of 58786565 and 755.
755
Calculate the greatest common factor of 24169 and 68.
1
What is the greatest common factor of 6387552 and 16608?
96
Calculate the highest common divisor of 4736 and 4294368.
1184
Calculate the greatest common divisor of 153 and 45761688.
153
Calculate the highest common factor of 296 and 543439128.
296
What is the highest common divisor of 27297448 and 40?
8
What is the greatest common factor of 667922 and 2?
2
Calculate the highest common divisor of 340 and 10293160.
340
What is the greatest common divisor of 3318973 and 85591?
251
Calculate the highest common factor of 216306904 and 8096.
2024
What is the highest common factor of 69018 and 10182?
6
Calculate the highest common divisor of 9683 and 665648152.
9683
What is the greatest common divisor of 146 and 2045477374?
146
What is the highest common divisor of 226521732 and 4272?
1068
Calculate the greatest common divisor of 25470597 and 571.
571
Calculate the highest common divisor of 146470868 and 1.
1
Calculate the greatest common divisor of 66 and 229591758.
66
Calculate the greatest common divisor of 8 and 57591672.
8
What is the highest common divisor of 4525 and 3270750?
25
What is the greatest common factor of 38402 and 3089294?
26
Calculate the highest common divisor of 81406 and 26554112.
2626
What is the highest common divisor of 136 and 4353853?
17
Calculate the greatest common divisor of 49 and 1603474.
1
What is the greatest common factor of 42 and 32336066?
14
Calculate the highest common factor of 59253954 and 219.
219
What is the greatest common factor of 41275777 and 253?
23
What is the greatest common divisor of 2252859648 and 9602?
9602
Calculate the greatest common divisor of 10115 and 4948615.
595
What is the greatest common factor of 1352230 and 836?
418
Calculate the greatest common divisor of 32336784 and 14628.
636
Calculate the greatest common divisor of 3149794 and 442.
34
What is the highest common divisor of 356078 and 6?
2
What is the highest common divisor of 1820 and 6781166?
14
Calculate the greatest common divisor of 5955 and 1977.
3
What is the highest common factor of 3376359 and 90?
9
Calculate the highest common divisor of 13437383 and 2126.
1063
Calculate the greatest common factor of 10083192 and 196.
28
What is the highest common factor of 174418750 and 43129?
2537
Calculate the highest common divisor of 44006119 and 331.
331
Calculate the highest common divisor of 49709 and 1969.
11
What is the greatest common divisor of 2282172257 and 15586?
7793
Calculate the highest common divisor of 66405 and 150751.
233
Calculate the highest common divisor of 60 and 72477140.
20
What is the greatest common divisor of 2238286 and 6352?
794
What is the highest common factor of 213016041 and 207?
207
Calculate the greatest common factor of 215124205 and 15.
5
What is the greatest common factor of 6018 and 1548224?
34
What is the highest common divisor of 11325 and 307275?
75
What is the greatest common factor of 1284000 and 242676?
1284
What is the highest common divisor of 10 and 229526760?
10
What is the highest common factor of 356553616 and 813?
271
Calculate the greatest common factor of 2318897 and 384517.
2359
Calculate the greatest common factor of 226980286 and 117.
13
What is the highest common divisor of 26754 and 21502?
26
What is the highest common factor of 288498080 and 1300?
260
What is the 